- q, 2*p + 0*p - 2*q - 18 = i. List the prime factors of p.
2, 3
Let q(d) = -d**3 - 13*d**2 - 16*d - 19. Let a(h) = -5*h**3 - 64*h**2 - 81*h - 94. Let i(r) = 2*a(r) - 11*q(r). What are the prime factors of i(-14)?
3, 7
Suppose -5*c + 6020 = 5*w, -396 = -5*c - 3*w + 5632. What are the prime factors of c?
2, 151
Suppose 5*b - 7*b = 66. Let w = b - -45. List the prime factors of w.
2, 3
Let q = 54 - 52. Suppose -q*r - 435 = -5*r. List the prime factors of r.
5, 29
Let a(l) be the third derivative of l**6/120 - 7*l**5/60 + l**4/4 - l**3/2 - 8*l**2. Let t be a(6). List the prime factors of (30 - -1) + (t - -1).
29
Suppose -8*y + 7*y = -4. Let b(x) be the third derivative of x**5/30 - x**4/4 + 5*x**3/6 + 3*x**2. What are the prime factors of b(y)?
13
Let v = 4816 + -1702. Suppose -20*w = -29*w + v. List the prime factors of w.
2, 173
Let l(j) = -j**3 + 7*j**2 + 7*j - 2. Let k be l(8). Let u be (-106)/k - 22/(-55). List the prime factors of 12 - 9 - (0 - u).
2, 7
Suppose 13 = 5*t + 13. Suppose b = -4*q + 392, -4*q + 2*b + 438 - 58 = t. What are the prime factors of q?
97
List the prime factors of 6 + (310 - -13) - (-1 + -2).
2, 83
Let i(a) = a**3 - 2*a - 4. Let o(n) = -n**3 + 13*n**2 - 12*n + 4. Let t be o(12). List the prime factors of i(t).
2, 13
Let g(r) = 16*r**3 + 6*r**2 - 12*r + 17. List the prime factors of g(4).
3, 11
Let r = 14 - 14. Suppose -4*d + 847 = 5*a, r*a + 649 = 3*d + a. List the prime factors of d.
2, 109
Suppose 18*u = 16068 + 1950. List the prime factors of u.
7, 11, 13
What are the prime factors of 4/(-30) + (-7)/((-2100)/764140)?
3, 283
Suppose 8 = -7*n + 11*n. Suppose -8 = -n*x - 0. What are the prime factors of x?
2
Let m(p) = p**2 - 17*p + 2. Let r be m(17). Suppose r*b - 34 - 34 = 0. Suppose 5*a = b + 21. List the prime factors of a.
11
Suppose -45 = -10*p + 45. Let x(w) = 2*w**2 - 7*w - 28. What are the prime factors of x(p)?
71
Let x(s) = -19*s**2 + 3*s + 2. Let n be x(-1). List the prime factors of 311 + ((-2)/(-10))/((-4)/n).
2, 3, 13
Let n be (-190)/(-3 - (0 - 1)). Let f = n - -8. What are the prime factors of f?
103
Let b be (2 - 7)/((-40)/48). Suppose 11*t = b*t + 715. What are the prime factors of t?
11, 13
Let j be 1*1/(2 - 3). Let r be j/3 - (-885)/9. Suppose 0*y - r = -5*u - 3*y, y = -5*u + 96. List the prime factors of u.
19
Let l(p) = p**3 + 3*p**2 - 16*p + 13. List the prime factors of l(8).
19, 31
Let k be (122/4)/((-2)/(-4)). Suppose -4*w = -o - 11 - 27, 5*o + 165 = -5*w. Let q = o + k. What are the prime factors of q?
3
Let q = -255 + 737. List the prime factors of q.
2, 241
Let i(g) = -8*g + 3. Let p be i(2). Let f be (3 - p/(-5))*-8575. List the prime factors of f/(-182) - 4/(-26).
19
Let o(m) = 28*m - 296. List the prime factors of o(21).
2, 73
Suppose 0 = 3*b - 6*b. Suppose -4*o - 5*f - 25 = 0, -4*o - 4*f = -0*o + 20. Suppose -5*g + 3*w + 156 = o, g - 24 = -b*w + 3*w. List the prime factors of g.
3, 11
Suppose 0*a - 2*a + 816 = 0. What are the prime factors of a?
2, 3, 17
Let r be (-2)/3 + 48/(-9). Let i be (48/(-18))/(4/r). List the prime factors of 1/4 - (-91)/i.
23
Suppose h - 5*h = -28. Suppose h + 8 = 5*c. Let v = c + 10. What are the prime factors of v?
13
Suppose -2*z + 6542 = 3*i, 0 = i + 15 - 13. What are the prime factors of z?
2, 1637
Suppose -2*w + 0*w - x + 6 = 0, -3*w + 9 = -x. Suppose 2*n + w*d + 250 = 6*n, -4*d + 114 = 2*n. What are the prime factors of n?
61
Suppose -o = 9 - 15. Suppose f + 2 = o. Suppose -f*a + 14 = -26. List the prime factors of a.
2, 5
Suppose 5*s + 432 = 4*s + z, 0 = 2*z - 6. Let a = -182 - s. List the prime factors of a.
13, 19
Let q = 900 + 3014. What are the prime factors of q?
2, 19, 103
Let d(n) be the first derivative of 4*n**2 - 12*n + 1. Let m = 40 - 35. List the prime factors of d(m).
2, 7
Let i = 12 + 4. Suppose 3*p = i + 77. List the prime factors of p.
31
Let v be (-16344)/28 - 2/7. Let g = -388 - v. List the prime factors of g.
2, 7
Let j(y) = 3*y**3 + 3*y**2 - y + 7. Let t be j(-3). Let w = 134 - t. Suppose 0 = -3*r - v + 136, 4 = 4*r + v - w. What are the prime factors of r?
2, 23
List the prime factors of (-6)/27 - (-170368)/396.
2, 5, 43
Let r(z) = z**3 + z**2 - 2*z + 6. Let h be r(0). Suppose -3*m + j - h*j = -300, 4*m - 2*j - 426 = 0. List the prime factors of m.
3, 5, 7
Let l(a) = -a**3 - 4*a**2 - 3*a + 1. Let r be l(-4). Suppose r = v - 13. What are the prime factors of v?
2, 13
Let u(b) = -78*b - 65*b + 43*b. List the prime factors of u(-1).
2, 5
Suppose -5*o - c = -18, 4*c = 5*o - c - 30. Suppose 5*y = -4*x + 247, -3*y - 157 = -o*x + 98. What are the prime factors of x?
3, 7
Let i be 18/63 + (-256)/14. Let k = i + 43. List the prime factors of k.
5
Let o = 78 + -46. Suppose o = -2*b - 10. Let i = -3 - b. List the prime factors of i.
2, 3
Let w = 159 - 154. Let x be 155/2 - 3/(-6). Suppose p + p = -i + 32, -w*p + x = 2*i. List the prime factors of p.
2, 7
Let p(g) = -5*g**2 - 6*g. Let d(z) = -9*z**2 - 13*z + 1. Let a be (-1)/(-1) + 9/3. Let k(o) = a*d(o) - 7*p(o). List the prime factors of k(-7).
5
Suppose -4*q = -2*d - 1768, -50*q - 1756 = -54*q - d. List the prime factors of q.
2, 5, 11
Suppose 3*a = -a - 3*j, 5*j + 8 = -4*a. Suppose -4*r - 128 = l - 3*l, a*r - 245 = -4*l. List the prime factors of l.
2, 31
Let r(x) = 3*x**3 + 4*x**3 - 4*x**2 - 10*x**3 + 4*x**3 - 12*x - 7. What are the prime factors of r(7)?
2, 7
Let r be 8/3*(-3 + 54/12). Suppose 0*u + 87 = u - 2*p, 3*p = -r*u + 315. What are the prime factors of u?
3
Suppose 6*x - 130 = 4*x. Suppose -2*z + 5*h = z + x, z + h = -35. Let j = z - -56. List the prime factors of j.
2, 13
Suppose 0 = -10*b + 2085 + 1775. List the prime factors of b.
2, 193
Suppose 4*v = -5*y + 1563, 13*y - v - 1578 = 8*y. What are the prime factors of y?
3, 5, 7
Let m(o) = 14*o - 40. Let k be m(-4). Let q = k - -119. What are the prime factors of q?
23
Suppose -4*m + 0 + 1 = -5*r, -m - 2*r + 10 = 0. Let z(i) = -m*i - 3 - 7*i - i**2 + i. What are the prime factors of z(-7)?
2, 3
Suppose 0 = o - 0 - 2, -3*g = -5*o - 803. List the prime factors of g.
271
Let u(c) = c**3 - 8*c**2 - 22. Let a be u(9). Let z = 101 - a. List the prime factors of z.
2, 3, 7
Suppose k + 6 = -2*q, 2*q + 2*q + 12 = 2*k. Suppose k = -4*i - g + 465, 0 = -2*i - 3*g - g + 250. What are the prime factors of i?
5, 23
Let u = -4 + 4. Let d = u - 0. Suppose d*l + 26 = 2*l. What are the prime factors of l?
13
What are the prime factors of ((-244256)/12)/(-8) + (-30)/(-45)?
5, 509
Let m = 16 + -24. Suppose 0*z + 11 = z. Let a = m + z. List the prime factors of a.
3
Let o be -2 + (4*-7)/(-4). Suppose -4*w - 69 = -3*i + 37, 5*w + 185 = o*i. What are the prime factors of i?
2, 3, 7
Let l be (24/(-7))/(7/(-392)). Suppose -3*p + 2*v + 448 = 0, -2*p + l = -2*v - 104. List the prime factors of p.
2, 19
Let v(p) = 448*p. Let r be v(-7). List the prime factors of ((-18)/8*1)/(84/r).
2, 3, 7
Let z(i) = -5*i - 44. Let j be z(-18). Suppose f - j - 143 = p, 0 = -3*f - 5*p + 575. List the prime factors of f.
2, 5, 19
Let c(f) be the second derivative of -f**4/12 + 8*f**3/3 + f**2 - 10*f. List the prime factors of c(7).
5, 13
Let w be 5*(-3)/(-25)*5. Suppose -4*i = -4*m + 332, -2*i + 200 = w*m - 64. What are the prime factors of m?
2, 43
Suppose 6*m - 5497 = 401. What are the prime factors of m?
983
Let r(l) = 18*l - 19. Let b be r(10). Let q = b - 65. What are the prime factors of q?
2, 3
Let q = 1096 + -1827. Let n = 1029 + q. What are the prime factors of n?
2, 149
Suppose 3*h + 43 = 2*r, 5*r + h + h - 155 = 0. Let u = r - -3. List the prime factors of u.
2
Let j = 8757 + -3091. What are the prime factors of j?
2, 2833
Let q = 399 + 38. What are the prime factors of q?
19, 23
Let m = -735 - -1364. List the prime factors of m.
17, 37
Let k = 1 + 1. Let v(i) = -7*i**2 + 1 - 2*i + 3 + 9*i**2 - i + 11*i**2. What are the prime factors of v(k)?
2, 5
Let l = -39 + 23. Let t = l + 80. List the prime factors of t.
2
Suppose -c + 770 = 60*l - 59*l, 0 = c + 3*l - 772. List the prime factors of c.
769
Let i(u) = -8*u**3 - 2*u**2 + 2*u + 1. Let y be i(1). Let m(f) = 2*f**3 + 17*f**2 + 2*f - 10. List the prime factors of m(y).
3, 41
Let b(m) = 12*m**2 + 11*m - 36. What are the prime factors of b(-7)?
5, 19
Suppose 165*z = 173*z - 9728. What are the prime factors of z?
2,